common divisor of x and 144.
9
Suppose -163 = -2*s - 33. What is the greatest common divisor of 26 and s?
13
Suppose -4*g + 158 = -130. Suppose 18*l - 77 = 67. Calculate the greatest common divisor of l and g.
8
Suppose -19 = -s + 3*u, 37 = 5*s + 2*u - 92. What is the highest common divisor of s and 10?
5
Suppose 0 = 2*s - 6 - 8. What is the highest common divisor of s and 1?
1
Let k(b) = b + 50. Let c be k(0). Calculate the highest common factor of 20 and c.
10
Let q(c) = 6*c - 1. Let k be q(-6). Let r = -22 - k. Suppose 4*i + 2*z = 164, i - 2*z = 16 + r. Calculate the greatest common factor of i and 26.
13
Suppose -f - 60 = 3*f. Let g be (-3)/(-5) - (-9)/f. Suppose 2*i + 2*i - 40 = g. Calculate the greatest common divisor of i and 110.
10
Let l(t) = t**2 - 4. Suppose -4*y - 4 = 8. Let a be l(y). Suppose 0*b = 5*g + 4*b + 5, a*b = -25. Calculate the greatest common factor of g and 21.
3
Suppose -j + 12 = 2*j. Suppose -l = j*l - 50. Let k(t) = t**2 - t + 25. Let s be k(0). Calculate the greatest common divisor of s and l.
5
Let y = -7 + 10. Suppose 2*l + y*l - 188 = -3*c, l - 3*c - 52 = 0. What is the greatest common factor of l and 8?
8
Let g = -5 - -32. What is the greatest common factor of g and 18?
9
Let t be (1 - -1)/(2/12). Let y be ((-8)/(-14))/(8/56). Suppose y*s - 8*s = -5*v - 11, 2*v = -3*s + 14. Calculate the greatest common factor of s and t.
4
Let m(a) = 13*a + 1. Suppose -2*y + 0*o - 5 = -3*o, 2*y + 4*o = 30. Let t be m(y). What is the greatest common divisor of t and 11?
11
Let j(v) = -v**3 + 2*v + 180. Let s be j(0). What is the greatest common divisor of 36 and s?
36
Let l(o) = -o**3 - 8*o**2 - 9*o + 3. Let a be l(-7). Let v(n) = 5*n - 9. Let p be v(a). What is the highest common divisor of p and 114?
38
Suppose 5*q + 0*q + 50 = 0. Let t be ((-48)/q)/(2/10). Calculate the greatest common factor of 6 and t.
6
Let s be 0 + 1 + 0 + 1. Suppose z - 381 = -371. What is the highest common factor of z and s?
2
Let j = 39 + -24. Calculate the highest common factor of j and 10.
5
Let q(s) = s**3 - 3*s**2 + 11*s + 2. Let b be q(3). Calculate the greatest common factor of b and 175.
35
Let g be (58*4)/2 - (-3)/(-3). Calculate the greatest common factor of 46 and g.
23
Suppose -2*k - 22 = -0*k. Let p = k + 25. Let v(d) = d**3 + 7*d**2 + 10*d + 14. Let z be v(-5). What is the greatest common factor of p and z?
14
Let m(u) = 5*u**2 + 2*u + 3. Let t be m(-2). What is the highest common factor of 76 and t?
19
Suppose -d - 3*y - y = -2, -d = -5*y - 29. What is the highest common divisor of d and 7?
7
Let i(q) be the second derivative of q**3/6 - 2*q**2 - 2*q. Let j be i(5). What is the greatest common factor of j and 1?
1
Let s be (-15)/(-10)*10/3. Calculate the highest common divisor of s and 40.
5
Suppose 0 = 2*z - 5 - 9. Let a = -92 + 162. What is the highest common factor of z and a?
7
Let z = 24 - 16. Calculate the highest common divisor of z and 4.
4
Let y be (-1 - -1) + 4 - 2. Let z(b) = -b + 11 - 3 + y*b. Let a be z(0). Calculate the highest common factor of 88 and a.
8
Suppose -a = -4*a + 6. Suppose -a*t = -100 - 40. What is the greatest common factor of t and 28?
14
Let x be 436/18 - (-16)/(-72). What is the highest common factor of x and 192?
24
Let y(d) = d**3 - d - 1. Let j be y(2). Suppose -h - 5 = -6. Calculate the highest common factor of h and j.
1
Let j be (1 + (-3 - -3))*1. Let d = 0 - 1. Let p be (-8 - d/1)*-1. What is the greatest common factor of j and p?
1
Let r(y) = y**2 - 3*y + 2. Let s be r(2). Suppose s = o - 2 - 3. Let n be (-142)/(-4) - (-1)/(-2). What is the highest common factor of o and n?
5
Let j(k) = 7*k**2 - 7. Let v(y) = y**2 - 1. Let n(m) = -j(m) + 6*v(m). Let h be n(-1). Let a be 18 - (2*-1 - h). What is the highest common factor of a and 10?
10
Let k = 2 - 3. Let b = k + 1. Suppose 4*f - 8*f + 616 = b. What is the highest common factor of f and 14?
14
Let f be 98 + (-4)/(-4) + -3. What is the highest common divisor of 12 and f?
12
Let y = 924 - 651. Calculate the highest common factor of 39 and y.
39
Let o = 37 + 23. What is the greatest common divisor of 24 and o?
12
Let j(q) = -q**2 + 2*q + 5. Let v be j(6). Let h = v - -35. Let l be (384/15)/((-1)/(-5)). Calculate the greatest common factor of h and l.
16
Suppose i = 2, 0 = -d + 3*i - 6*i + 30. Suppose 2*h = -5*n + 55 - 17, 0 = 5*n - h - 41. Calculate the highest common factor of d and n.
8
Suppose 5*s - 10*s = -25. What is the greatest common divisor of 2 and s?
1
Suppose 4 = -s, -2*a - 30 = -7*a + 5*s. Let w be 10*a/((-4)/(-11)). Calculate the highest common factor of 5 and w.
5
Let a(y) = -23*y**3 + y**2 - 1. Let q be a(-1). Calculate the highest common factor of 115 and q.
23
Let i(q) = -q**2 - 13*q - 5. Let f be i(-12). Suppose f*j = 2*j + 65. Calculate the greatest common factor of j and 143.
13
Let w(h) = 3*h**2 - h - 1. Let o be w(-4). Suppose -5*g + 49 + o = 0. What is the greatest common divisor of g and 160?
20
Let z(c) = -c**3 + 9*c**2 - c - 6. Let d be z(7). Suppose -d = -2*b + 251. Calculate the greatest common divisor of b and 21.
21
Let q be 86/6 + ((-2)/(-3) - 0). Calculate the highest common factor of q and 135.
15
Let t(i) = 2*i**3 + 3*i + 3. Let z be t(-2). Let o = -10 - z. What is the greatest common factor of 45 and o?
9
Suppose -16 = 2*q - 30. What is the highest common divisor of q and 7?
7
Let k = -6 - -11. Suppose 3*x = 5*q - 2*x - 40, 0 = k*q + x - 28. Let d be (-3)/(9/(-7))*q. What is the greatest common divisor of 14 and d?
14
Suppose -c + 63 - 22 = 4*m, 3*c + 9 = 0. Calculate the greatest common factor of 121 and m.
11
Suppose 5*b - 54 = 5*a + 51, -2*b + 42 = -5*a. What is the highest common factor of b and 189?
21
Suppose -k + 3*k = 0. Suppose -p = 1 - k. Let m be (-3 - -1)/(p/2). Calculate the greatest common divisor of 16 and m.
4
Let l be (1 + -2 - -4) + -5 + 9. Calculate the highest common divisor of 49 and l.
7
Let l(h) = 7*h - 2. Let x(v) = v - 1. Let g(m) = l(m) - 6*x(m). Let o be g(0). What is the highest common divisor of o and 28?
4
Let x be (-4 + -1)*(-2)/5. Suppose -x*p - 2 = 4*t, -2*p + 4*t - 29 = -t. Let s(w) = -w - 5. Let d be s(p). What is the highest common divisor of 3 and d?
1
Suppose 0 = 3*x + 2*x - 25. Let i(v) = -v - x*v - 11*v + 3. Let h be i(-3). What is the greatest common factor of h and 6?
6
Let v be ((-1)/(-2))/((-8)/(-64)). Let x(t) = 2*t - 3. Let b be x(v). Suppose 0 = -3*h + b + 1. Calculate the highest common divisor of h and 5.
1
Suppose -3*f = w - 16, -16 + 2 = -3*f + w. Suppose -3*h - 162 = -f*i, -3*h - 45 - 27 = -2*i. What is the highest common factor of i and 30?
30
Let i(b) = b**2 - 4*b - 3. Let d be i(7). Let n(o) = 0*o - 2*o + 13 + o. Let f be n(11). What is the highest common factor of d and f?
2
Suppose 8*y - 6*y - 14 = 0. What is the greatest common divisor of y and 7?
7
Let g be ((-1)/3)/((-1)/21). Let y(v) = v**2 - v + 84. Let p be y(0). Suppose -k - 3*k = -p. What is the highest common divisor of g and k?
7
Suppose -2*d + 45 - 10 = -3*s, -5*d - 2*s = -40. Suppose u + 220 = 3*u. What is the greatest common divisor of u and d?
10
Suppose o = 5 + 3. Suppose 0 + 1 = j. Let a = 65 - j. Calculate the highest common factor of o and a.
8
Let h(v) = -v**3 + 4*v**2 - 4*v + 3. Let z be h(2). Calculate the greatest common divisor of 2 and z.
1
Let h be 18*(0 + 1)*5. Calculate the highest common factor of 30 and h.
30
Let u be 4/(-8) - 2/(8/(-58)). What is the highest common divisor of 14 and u?
14
Let g(a) = 3*a**3 + a**2 + 3*a - 1. Let p be g(2). Let h be (-4)/(-14) + 675/63. What is the greatest common factor of p and h?
11
Let i(v) = 2*v**2 - 14*v + 6. Let x be i(10). Suppose 0 = -3*o + 5*m + 72, 3*o - 2*m = m + x. What is the highest common factor of o and 95?
19
Let g be ((-39)/12)/(1/(-24)). Suppose -4*a + 1 = m, 5*m + 16 = -a + g. Calculate the highest common divisor of m and 143.
13
Suppose 2*k = 14 + 10. Let m = 2 + k. Let r = 231 - 105. Calculate the highest common factor of r and m.
14
Suppose -5*c + 15 = 5. Suppose 7*t - 40 = c*t. Calculate the highest common divisor of t and 20.
4
Let p(y) = -y**3 - 3*y**2 - 4*y - 2. Let v be p(-6). Let r = -29 + 42. What is the greatest common divisor of r and v?
13
Suppose p = -5*p + 114. What is the highest common factor of p and 19?
1